{"id":72,"date":"2016-05-09T19:43:26","date_gmt":"2016-05-09T19:43:26","guid":{"rendered":"http:\/\/sintramem-sv.org.br\/sintramem\/?page_id=72"},"modified":"2024-08-12T20:24:25","modified_gmt":"2024-08-12T20:24:25","slug":"juridico","status":"publish","type":"page","link":"https:\/\/sintramem-sv.org.br\/sintramem\/juridico\/","title":{"rendered":"LEGISLA\u00c7\u00c3O"},"content":{"rendered":"\n<hr class=\"wp-block-separator has-css-opacity\"\/>\n\n\n\n<figure class=\"wp-block-table alignwide\"><table class=\"has-fixed-layout\"><tbody><tr><td class=\"has-text-align-center\" data-align=\"center\"><a href=\"https:\/\/sintramem-sv.org.br\/sintramem\/?p=6959\">CARTILHA PR\u00caMIO<\/a><\/td><\/tr><tr><td class=\"has-text-align-center\" data-align=\"center\"><a href=\"https:\/\/sintramem-sv.org.br\/sintramem\/?p=6869\">PSPI 2023<\/a><\/td><\/tr><tr><td class=\"has-text-align-center\" data-align=\"center\"><a href=\"https:\/\/sintramem-sv.org.br\/sintramem\/?p=6694\">ACORDO COLETIVO MAGIST\u00c9RIO<\/a><\/td><\/tr><tr><td class=\"has-text-align-center\" data-align=\"center\"><a href=\"https:\/\/sintramem-sv.org.br\/sintramem\/?page_id=417\">LEGISLA\u00c7\u00c3O FEDERAL<\/a><\/td><\/tr><tr><td class=\"has-text-align-center\" data-align=\"center\"><a href=\"https:\/\/sintramem-sv.org.br\/sintramem\/?page_id=630\">LEGISLA\u00c7\u00c3O MUNICIPAL<\/a><\/td><\/tr><tr><td class=\"has-text-align-center\" data-align=\"center\"><a href=\"https:\/\/sintramem-sv.org.br\/sintramem\/?page_id=524\">DECRETOS<\/a><\/td><\/tr><tr><td class=\"has-text-align-center\" data-align=\"center\"><a href=\"https:\/\/sintramem-sv.org.br\/sintramem\/?page_id=3513\">RESOLU\u00c7\u00d5ES \/ PORTARIAS<\/a><\/td><\/tr><tr><td class=\"has-text-align-center\" data-align=\"center\"><a href=\"https:\/\/sintramem-sv.org.br\/sintramem\/?page_id=3219\">ATRIBUI\u00c7\u00d5ES<\/a><\/td><\/tr><tr><td class=\"has-text-align-center\" data-align=\"center\"><a href=\"https:\/\/sintramem-sv.org.br\/sintramem\/?page_id=4286\">REGIMENTO DE ENSINO MUNICIPAL DE SV<\/a><\/td><\/tr><tr><td class=\"has-text-align-center\" data-align=\"center\"><a href=\"https:\/\/sintramem-sv.org.br\/sintramem\/?page_id=2064\">C. A.T. \u2013 Comunicado de Acidente de Trabalho<\/a><\/td><\/tr><tr><td class=\"has-text-align-center\" data-align=\"center\"><a href=\"https:\/\/sintramem-sv.org.br\/sintramem\/?page_id=3522\">\u201cTEXTO EXTRAOFICIAL DA REFORMA DA PREVID\u00caNCIA\u201d<\/a><\/td><\/tr><\/tbody><\/table><\/figure>\n\n\n","protected":false},"excerpt":{"rendered":"<p>CARTILHA PR\u00caMIO PSPI 2023 ACORDO COLETIVO MAGIST\u00c9RIO LEGISLA\u00c7\u00c3O FEDERAL LEGISLA\u00c7\u00c3O MUNICIPAL DECRETOS RESOLU\u00c7\u00d5ES \/ PORTARIAS ATRIBUI\u00c7\u00d5ES REGIMENTO DE ENSINO MUNICIPAL DE SV C. A.T. \u2013 Comunicado de Acidente de Trabalho \u201cTEXTO EXTRAOFICIAL DA REFORMA DA PREVID\u00caNCIA\u201d<\/p>\n","protected":false},"author":1,"featured_media":0,"parent":0,"menu_order":0,"comment_status":"closed","ping_status":"closed","template":"","meta":{"_monsterinsights_skip_tracking":false,"_monsterinsights_sitenote_active":false,"_monsterinsights_sitenote_note":"","_monsterinsights_sitenote_category":0,"footnotes":""},"class_list":["post-72","page","type-page","status-publish","hentry"],"yoast_head":"<!-- This site is optimized with the Yoast SEO plugin v27.0 - https:\/\/yoast.com\/product\/yoast-seo-wordpress\/ -->\n<title>LEGISLA\u00c7\u00c3O - SINTRAMEM<\/title>\n<meta name=\"robots\" content=\"index, follow, max-snippet:-1, max-image-preview:large, max-video-preview:-1\" \/>\n<link rel=\"canonical\" href=\"https:\/\/sintramem-sv.org.br\/sintramem\/juridico\/\" \/>\n<meta property=\"og:locale\" content=\"pt_BR\" \/>\n<meta property=\"og:type\" content=\"article\" \/>\n<meta property=\"og:title\" content=\"LEGISLA\u00c7\u00c3O - SINTRAMEM\" \/>\n<meta property=\"og:description\" content=\"CARTILHA PR\u00caMIO PSPI 2023 ACORDO COLETIVO MAGIST\u00c9RIO LEGISLA\u00c7\u00c3O FEDERAL LEGISLA\u00c7\u00c3O MUNICIPAL DECRETOS RESOLU\u00c7\u00d5ES \/ PORTARIAS ATRIBUI\u00c7\u00d5ES REGIMENTO DE ENSINO MUNICIPAL DE SV C. A.T. \u2013 Comunicado de Acidente de Trabalho \u201cTEXTO EXTRAOFICIAL DA REFORMA DA PREVID\u00caNCIA\u201d\" \/>\n<meta property=\"og:url\" content=\"https:\/\/sintramem-sv.org.br\/sintramem\/juridico\/\" \/>\n<meta property=\"og:site_name\" content=\"SINTRAMEM\" \/>\n<meta property=\"article:modified_time\" content=\"2024-08-12T20:24:25+00:00\" \/>\n<meta name=\"twitter:card\" content=\"summary_large_image\" \/>\n<script type=\"application\/ld+json\" class=\"yoast-schema-graph\">{\"@context\":\"https:\/\/schema.org\",\"@graph\":[{\"@type\":\"WebPage\",\"@id\":\"https:\/\/sintramem-sv.org.br\/sintramem\/juridico\/\",\"url\":\"https:\/\/sintramem-sv.org.br\/sintramem\/juridico\/\",\"name\":\"LEGISLA\u00c7\u00c3O - SINTRAMEM\",\"isPartOf\":{\"@id\":\"https:\/\/sintramem-sv.org.br\/sintramem\/#website\"},\"datePublished\":\"2016-05-09T19:43:26+00:00\",\"dateModified\":\"2024-08-12T20:24:25+00:00\",\"breadcrumb\":{\"@id\":\"https:\/\/sintramem-sv.org.br\/sintramem\/juridico\/#breadcrumb\"},\"inLanguage\":\"pt-BR\",\"potentialAction\":[{\"@type\":\"ReadAction\",\"target\":[\"https:\/\/sintramem-sv.org.br\/sintramem\/juridico\/\"]}]},{\"@type\":\"BreadcrumbList\",\"@id\":\"https:\/\/sintramem-sv.org.br\/sintramem\/juridico\/#breadcrumb\",\"itemListElement\":[{\"@type\":\"ListItem\",\"position\":1,\"name\":\"In\u00edcio\",\"item\":\"https:\/\/sintramem-sv.org.br\/sintramem\/\"},{\"@type\":\"ListItem\",\"position\":2,\"name\":\"LEGISLA\u00c7\u00c3O\"}]},{\"@type\":\"WebSite\",\"@id\":\"https:\/\/sintramem-sv.org.br\/sintramem\/#website\",\"url\":\"https:\/\/sintramem-sv.org.br\/sintramem\/\",\"name\":\"SINTRAMEM\",\"description\":\"Sindicato dos Trabalhadores no Magist\u00e9rio e na Educa\u00e7\u00e3o de S\u00e3o Vicente\",\"publisher\":{\"@id\":\"https:\/\/sintramem-sv.org.br\/sintramem\/#organization\"},\"potentialAction\":[{\"@type\":\"SearchAction\",\"target\":{\"@type\":\"EntryPoint\",\"urlTemplate\":\"https:\/\/sintramem-sv.org.br\/sintramem\/?s={search_term_string}\"},\"query-input\":{\"@type\":\"PropertyValueSpecification\",\"valueRequired\":true,\"valueName\":\"search_term_string\"}}],\"inLanguage\":\"pt-BR\"},{\"@type\":\"Organization\",\"@id\":\"https:\/\/sintramem-sv.org.br\/sintramem\/#organization\",\"name\":\"SINTRAMEM\",\"url\":\"https:\/\/sintramem-sv.org.br\/sintramem\/\",\"logo\":{\"@type\":\"ImageObject\",\"inLanguage\":\"pt-BR\",\"@id\":\"https:\/\/sintramem-sv.org.br\/sintramem\/#\/schema\/logo\/image\/\",\"url\":\"https:\/\/sintramem-sv.org.br\/sintramem\/wp-content\/uploads\/2017\/02\/SINTRAMEM-LOGO-OFICIAL-300x100-jpg.jpg\",\"contentUrl\":\"https:\/\/sintramem-sv.org.br\/sintramem\/wp-content\/uploads\/2017\/02\/SINTRAMEM-LOGO-OFICIAL-300x100-jpg.jpg\",\"width\":150,\"height\":150,\"caption\":\"SINTRAMEM\"},\"image\":{\"@id\":\"https:\/\/sintramem-sv.org.br\/sintramem\/#\/schema\/logo\/image\/\"}}]}<\/script>\n<!-- \/ Yoast SEO plugin. -->","yoast_head_json":{"title":"LEGISLA\u00c7\u00c3O - SINTRAMEM","robots":{"index":"index","follow":"follow","max-snippet":"max-snippet:-1","max-image-preview":"max-image-preview:large","max-video-preview":"max-video-preview:-1"},"canonical":"https:\/\/sintramem-sv.org.br\/sintramem\/juridico\/","og_locale":"pt_BR","og_type":"article","og_title":"LEGISLA\u00c7\u00c3O - SINTRAMEM","og_description":"CARTILHA PR\u00caMIO PSPI 2023 ACORDO COLETIVO MAGIST\u00c9RIO LEGISLA\u00c7\u00c3O FEDERAL LEGISLA\u00c7\u00c3O MUNICIPAL DECRETOS RESOLU\u00c7\u00d5ES \/ PORTARIAS ATRIBUI\u00c7\u00d5ES REGIMENTO DE ENSINO MUNICIPAL DE SV C. A.T. \u2013 Comunicado de Acidente de Trabalho \u201cTEXTO EXTRAOFICIAL DA REFORMA DA PREVID\u00caNCIA\u201d","og_url":"https:\/\/sintramem-sv.org.br\/sintramem\/juridico\/","og_site_name":"SINTRAMEM","article_modified_time":"2024-08-12T20:24:25+00:00","twitter_card":"summary_large_image","schema":{"@context":"https:\/\/schema.org","@graph":[{"@type":"WebPage","@id":"https:\/\/sintramem-sv.org.br\/sintramem\/juridico\/","url":"https:\/\/sintramem-sv.org.br\/sintramem\/juridico\/","name":"LEGISLA\u00c7\u00c3O - SINTRAMEM","isPartOf":{"@id":"https:\/\/sintramem-sv.org.br\/sintramem\/#website"},"datePublished":"2016-05-09T19:43:26+00:00","dateModified":"2024-08-12T20:24:25+00:00","breadcrumb":{"@id":"https:\/\/sintramem-sv.org.br\/sintramem\/juridico\/#breadcrumb"},"inLanguage":"pt-BR","potentialAction":[{"@type":"ReadAction","target":["https:\/\/sintramem-sv.org.br\/sintramem\/juridico\/"]}]},{"@type":"BreadcrumbList","@id":"https:\/\/sintramem-sv.org.br\/sintramem\/juridico\/#breadcrumb","itemListElement":[{"@type":"ListItem","position":1,"name":"In\u00edcio","item":"https:\/\/sintramem-sv.org.br\/sintramem\/"},{"@type":"ListItem","position":2,"name":"LEGISLA\u00c7\u00c3O"}]},{"@type":"WebSite","@id":"https:\/\/sintramem-sv.org.br\/sintramem\/#website","url":"https:\/\/sintramem-sv.org.br\/sintramem\/","name":"SINTRAMEM","description":"Sindicato dos Trabalhadores no Magist\u00e9rio e na Educa\u00e7\u00e3o de S\u00e3o Vicente","publisher":{"@id":"https:\/\/sintramem-sv.org.br\/sintramem\/#organization"},"potentialAction":[{"@type":"SearchAction","target":{"@type":"EntryPoint","urlTemplate":"https:\/\/sintramem-sv.org.br\/sintramem\/?s={search_term_string}"},"query-input":{"@type":"PropertyValueSpecification","valueRequired":true,"valueName":"search_term_string"}}],"inLanguage":"pt-BR"},{"@type":"Organization","@id":"https:\/\/sintramem-sv.org.br\/sintramem\/#organization","name":"SINTRAMEM","url":"https:\/\/sintramem-sv.org.br\/sintramem\/","logo":{"@type":"ImageObject","inLanguage":"pt-BR","@id":"https:\/\/sintramem-sv.org.br\/sintramem\/#\/schema\/logo\/image\/","url":"https:\/\/sintramem-sv.org.br\/sintramem\/wp-content\/uploads\/2017\/02\/SINTRAMEM-LOGO-OFICIAL-300x100-jpg.jpg","contentUrl":"https:\/\/sintramem-sv.org.br\/sintramem\/wp-content\/uploads\/2017\/02\/SINTRAMEM-LOGO-OFICIAL-300x100-jpg.jpg","width":150,"height":150,"caption":"SINTRAMEM"},"image":{"@id":"https:\/\/sintramem-sv.org.br\/sintramem\/#\/schema\/logo\/image\/"}}]}},"_links":{"self":[{"href":"https:\/\/sintramem-sv.org.br\/sintramem\/wp-json\/wp\/v2\/pages\/72","targetHints":{"allow":["GET"]}}],"collection":[{"href":"https:\/\/sintramem-sv.org.br\/sintramem\/wp-json\/wp\/v2\/pages"}],"about":[{"href":"https:\/\/sintramem-sv.org.br\/sintramem\/wp-json\/wp\/v2\/types\/page"}],"author":[{"embeddable":true,"href":"https:\/\/sintramem-sv.org.br\/sintramem\/wp-json\/wp\/v2\/users\/1"}],"replies":[{"embeddable":true,"href":"https:\/\/sintramem-sv.org.br\/sintramem\/wp-json\/wp\/v2\/comments?post=72"}],"version-history":[{"count":17,"href":"https:\/\/sintramem-sv.org.br\/sintramem\/wp-json\/wp\/v2\/pages\/72\/revisions"}],"predecessor-version":[{"id":7422,"href":"https:\/\/sintramem-sv.org.br\/sintramem\/wp-json\/wp\/v2\/pages\/72\/revisions\/7422"}],"wp:attachment":[{"href":"https:\/\/sintramem-sv.org.br\/sintramem\/wp-json\/wp\/v2\/media?parent=72"}],"curies":[{"name":"wp","href":"https:\/\/api.w.org\/{rel}","templated":true}]}}

LEGISLAÇÃO

<hr class="wp-block-separator has-css-opacity"/>



<figure class="wp-block-table alignwide"><table class="has-fixed-layout"><tbody><tr><td class="has-text-align-center" data-align="center"><a href="https://sintramem-sv.org.br/sintramem/?p=6959">CARTILHA PRÊMIO</a></td></tr><tr><td class="has-text-align-center" data-align="center"><a href="https://sintramem-sv.org.br/sintramem/?p=6869">PSPI 2023</a></td></tr><tr><td class="has-text-align-center" data-align="center"><a href="https://sintramem-sv.org.br/sintramem/?p=6694">ACORDO COLETIVO MAGISTÉRIO</a></td></tr><tr><td class="has-text-align-center" data-align="center"><a href="https://sintramem-sv.org.br/sintramem/?page_id=417">LEGISLAÇÃO FEDERAL</a></td></tr><tr><td class="has-text-align-center" data-align="center"><a href="https://sintramem-sv.org.br/sintramem/?page_id=630">LEGISLAÇÃO MUNICIPAL</a></td></tr><tr><td class="has-text-align-center" data-align="center"><a href="https://sintramem-sv.org.br/sintramem/?page_id=524">DECRETOS</a></td></tr><tr><td class="has-text-align-center" data-align="center"><a href="https://sintramem-sv.org.br/sintramem/?page_id=3513">RESOLUÇÕES / PORTARIAS</a></td></tr><tr><td class="has-text-align-center" data-align="center"><a href="https://sintramem-sv.org.br/sintramem/?page_id=3219">ATRIBUIÇÕES</a></td></tr><tr><td class="has-text-align-center" data-align="center"><a href="https://sintramem-sv.org.br/sintramem/?page_id=4286">REGIMENTO DE ENSINO MUNICIPAL DE SV</a></td></tr><tr><td class="has-text-align-center" data-align="center"><a href="https://sintramem-sv.org.br/sintramem/?page_id=2064">C. A.T. – Comunicado de Acidente de Trabalho</a></td></tr><tr><td class="has-text-align-center" data-align="center"><a href="https://sintramem-sv.org.br/sintramem/?page_id=3522">“TEXTO EXTRAOFICIAL DA REFORMA DA PREVIDÊNCIA”</a></td></tr></tbody></table></figure>

<p>CARTILHA PRÊMIO PSPI 2023 ACORDO COLETIVO MAGISTÉRIO LEGISLAÇÃO FEDERAL LEGISLAÇÃO MUNICIPAL DECRETOS RESOLUÇÕES / PORTARIAS ATRIBUIÇÕES REGIMENTO DE ENSINO MUNICIPAL DE SV C. A.T. – Comunicado de Acidente de Trabalho “TEXTO EXTRAOFICIAL DA REFORMA DA PREVIDÊNCIA”</p>

<!-- This site is optimized with the Yoast SEO plugin v27.0 - https://yoast.com/product/yoast-seo-wordpress/ -->
<title>LEGISLAÇÃO - SINTRAMEM</title>
<meta name="robots" content="index, follow, max-snippet:-1, max-image-preview:large, max-video-preview:-1" />
<link rel="canonical" href="https://sintramem-sv.org.br/sintramem/juridico/" />
<meta property="og:locale" content="pt_BR" />
<meta property="og:type" content="article" />
<meta property="og:title" content="LEGISLAÇÃO - SINTRAMEM" />
<meta property="og:description" content="CARTILHA PRÊMIO PSPI 2023 ACORDO COLETIVO MAGISTÉRIO LEGISLAÇÃO FEDERAL LEGISLAÇÃO MUNICIPAL DECRETOS RESOLUÇÕES / PORTARIAS ATRIBUIÇÕES REGIMENTO DE ENSINO MUNICIPAL DE SV C. A.T. – Comunicado de Acidente de Trabalho “TEXTO EXTRAOFICIAL DA REFORMA DA PREVIDÊNCIA”" />
<meta property="og:url" content="https://sintramem-sv.org.br/sintramem/juridico/" />
<meta property="og:site_name" content="SINTRAMEM" />
<meta property="article:modified_time" content="2024-08-12T20:24:25+00:00" />
<meta name="twitter:card" content="summary_large_image" />
<script type="application/ld+json" class="yoast-schema-graph">{"@context":"https://schema.org","@graph":[{"@type":"WebPage","@id":"https://sintramem-sv.org.br/sintramem/juridico/","url":"https://sintramem-sv.org.br/sintramem/juridico/","name":"LEGISLAÇÃO - SINTRAMEM","isPartOf":{"@id":"https://sintramem-sv.org.br/sintramem/#website"},"datePublished":"2016-05-09T19:43:26+00:00","dateModified":"2024-08-12T20:24:25+00:00","breadcrumb":{"@id":"https://sintramem-sv.org.br/sintramem/juridico/#breadcrumb"},"inLanguage":"pt-BR","potentialAction":[{"@type":"ReadAction","target":["https://sintramem-sv.org.br/sintramem/juridico/"]}]},{"@type":"BreadcrumbList","@id":"https://sintramem-sv.org.br/sintramem/juridico/#breadcrumb","itemListElement":[{"@type":"ListItem","position":1,"name":"Início","item":"https://sintramem-sv.org.br/sintramem/"},{"@type":"ListItem","position":2,"name":"LEGISLAÇÃO"}]},{"@type":"WebSite","@id":"https://sintramem-sv.org.br/sintramem/#website","url":"https://sintramem-sv.org.br/sintramem/","name":"SINTRAMEM","description":"Sindicato dos Trabalhadores no Magistério e na Educação de São Vicente","publisher":{"@id":"https://sintramem-sv.org.br/sintramem/#organization"},"potentialAction":[{"@type":"SearchAction","target":{"@type":"EntryPoint","urlTemplate":"https://sintramem-sv.org.br/sintramem/?s={search_term_string}"},"query-input":{"@type":"PropertyValueSpecification","valueRequired":true,"valueName":"search_term_string"}}],"inLanguage":"pt-BR"},{"@type":"Organization","@id":"https://sintramem-sv.org.br/sintramem/#organization","name":"SINTRAMEM","url":"https://sintramem-sv.org.br/sintramem/","logo":{"@type":"ImageObject","inLanguage":"pt-BR","@id":"https://sintramem-sv.org.br/sintramem/#/schema/logo/image/","url":"https://sintramem-sv.org.br/sintramem/wp-content/uploads/2017/02/SINTRAMEM-LOGO-OFICIAL-300x100-jpg.jpg","contentUrl":"https://sintramem-sv.org.br/sintramem/wp-content/uploads/2017/02/SINTRAMEM-LOGO-OFICIAL-300x100-jpg.jpg","width":150,"height":150,"caption":"SINTRAMEM"},"image":{"@id":"https://sintramem-sv.org.br/sintramem/#/schema/logo/image/"}}]}</script>
<!-- / Yoast SEO plugin. -->

LEGISLAÇÃO - SINTRAMEM

CARTILHA PRÊMIO PSPI 2023 ACORDO COLETIVO MAGISTÉRIO LEGISLAÇÃO FEDERAL LEGISLAÇÃO MUNICIPAL DECRETOS RESOLUÇÕES / PORTARIAS ATRIBUIÇÕES REGIMENTO DE ENSINO MUNICIPAL DE SV C. A.T. – Comunicado de Acidente de Trabalho “TEXTO EXTRAOFICIAL DA REFORMA DA PREVIDÊNCIA”

Início

Sindicato dos Trabalhadores no Magistério e na Educação de São Vicente
