{"id":54,"date":"2016-05-09T19:39:18","date_gmt":"2016-05-09T19:39:18","guid":{"rendered":"http:\/\/sintramem-sv.org.br\/sintramem\/?page_id=54"},"modified":"2026-02-27T18:43:11","modified_gmt":"2026-02-27T18:43:11","slug":"fique-socio","status":"publish","type":"page","link":"https:\/\/sintramem-sv.org.br\/sintramem\/fique-socio\/","title":{"rendered":"Fique s\u00f3cio!"},"content":{"rendered":"<p><span style=\"font-size: 18pt; color: #ff0000;\"><strong>N\u00c3O FIQUE S\u00d3, FIQUE S\u00d3CIO! Sindicalize-se e fortale\u00e7a seu Sindicato na luta<\/strong><\/span><\/p>\n<p><span style=\"font-size: 14pt;\">O SINTRAMEM representa milhares de Servidores da Educa\u00e7\u00e3o espalhados em centenas de postos de trabalho em toda cidade de S\u00e3o Vicente. Somos reconhecidos pelo funcionalismo, imprensa e popula\u00e7\u00e3o em geral pela forte atua\u00e7\u00e3o em defesa dos interesses da categoria. Temos a presen\u00e7a permanente dos dirigentes na base para auxiliar o trabalhador em d\u00favidas e causas mais complexas.<\/span><\/p>\n<p><span style=\"font-size: 14pt;\">Para manter nossa estrutura, contamos exclusivamente com o apoio dos associados. Por isso, intensificamos a campanha\u00a0<strong>&#8220;Ningu\u00e9m deve FICAR S\u00d3. \u00c9 preciso FICAR S\u00d3CIO&#8221;<\/strong>. Nos ajude a seguirmos fortes na luta e ainda ter uma gama de benef\u00edcios exclusivos!<\/span><\/p>\n<p><span style=\"font-size: 14pt;\">Quanto mais s\u00f3cios, mais fortes e respeitados seremos. Dessa forma, ser\u00e1 poss\u00edvel mantermos e ampliarmos o bem-estar do trabalhador e as vantagens dos associados. Um Sindicato ainda mais operante, permanentemente presente e organizando campanhas para garantir e ampliar os direitos de todos. Como sindicalizado, voc\u00ea vai desfrutar de diversos descontos e benef\u00edcios, alguns deles gratuitos.<\/span><\/p>\n<p><span style=\"font-size: 18pt; color: #ff0000;\"><strong>JUNTE-SE A N\u00d3S! FORTALE\u00c7A ESSA LUTA!<\/strong><\/span><\/p>\n<p><iframe loading=\"lazy\" src=\"https:\/\/docs.google.com\/forms\/d\/e\/1FAIpQLSdP0uXkICRpdtuvfD77HBWcqbdBaazKvHTMvktn1XKcFZ03_A\/viewform?embedded=true\" width=\"640\" height=\"6215\" frameborder=\"0\" marginwidth=\"0\" marginheight=\"0\">Carregando\u2026<\/iframe><\/p>\n","protected":false},"excerpt":{"rendered":"<p>N\u00c3O FIQUE S\u00d3, FIQUE S\u00d3CIO! Sindicalize-se e fortale\u00e7a seu Sindicato na luta O SINTRAMEM representa milhares de Servidores da Educa\u00e7\u00e3o espalhados em centenas de postos de trabalho em toda cidade de S\u00e3o Vicente. Somos reconhecidos pelo funcionalismo, imprensa e popula\u00e7\u00e3o em geral pela forte atua\u00e7\u00e3o em defesa dos interesses da categoria. Temos a presen\u00e7a permanente&hellip;<\/p>\n","protected":false},"author":1,"featured_media":9536,"parent":0,"menu_order":0,"comment_status":"closed","ping_status":"closed","template":"","meta":{"_monsterinsights_skip_tracking":false,"_monsterinsights_sitenote_active":false,"_monsterinsights_sitenote_note":"","_monsterinsights_sitenote_category":0,"footnotes":""},"class_list":["post-54","page","type-page","status-publish","has-post-thumbnail","hentry"],"yoast_head":"<!-- This site is optimized with the Yoast SEO plugin v27.0 - https:\/\/yoast.com\/product\/yoast-seo-wordpress\/ -->\n<title>Fique s\u00f3cio! - SINTRAMEM<\/title>\n<meta name=\"robots\" content=\"index, follow, max-snippet:-1, max-image-preview:large, max-video-preview:-1\" \/>\n<link rel=\"canonical\" href=\"https:\/\/sintramem-sv.org.br\/sintramem\/fique-socio\/\" \/>\n<meta property=\"og:locale\" content=\"pt_BR\" \/>\n<meta property=\"og:type\" content=\"article\" \/>\n<meta property=\"og:title\" content=\"Fique s\u00f3cio! - SINTRAMEM\" \/>\n<meta property=\"og:description\" content=\"N\u00c3O FIQUE S\u00d3, FIQUE S\u00d3CIO! Sindicalize-se e fortale\u00e7a seu Sindicato na luta O SINTRAMEM representa milhares de Servidores da Educa\u00e7\u00e3o espalhados em centenas de postos de trabalho em toda cidade de S\u00e3o Vicente. Somos reconhecidos pelo funcionalismo, imprensa e popula\u00e7\u00e3o em geral pela forte atua\u00e7\u00e3o em defesa dos interesses da categoria. Temos a presen\u00e7a permanente&hellip;\" \/>\n<meta property=\"og:url\" content=\"https:\/\/sintramem-sv.org.br\/sintramem\/fique-socio\/\" \/>\n<meta property=\"og:site_name\" content=\"SINTRAMEM\" \/>\n<meta property=\"article:modified_time\" content=\"2026-02-27T18:43:11+00:00\" \/>\n<meta property=\"og:image\" content=\"https:\/\/sintramem-sv.org.br\/sintramem\/wp-content\/uploads\/2026\/02\/menor-5.png\" \/>\n\t<meta property=\"og:image:width\" content=\"600\" \/>\n\t<meta property=\"og:image:height\" content=\"334\" \/>\n\t<meta property=\"og:image:type\" content=\"image\/png\" \/>\n<meta name=\"twitter:card\" content=\"summary_large_image\" \/>\n<meta name=\"twitter:label1\" content=\"Est. tempo de leitura\" \/>\n\t<meta name=\"twitter:data1\" content=\"2 minutos\" \/>\n<script type=\"application\/ld+json\" class=\"yoast-schema-graph\">{\"@context\":\"https:\/\/schema.org\",\"@graph\":[{\"@type\":\"WebPage\",\"@id\":\"https:\/\/sintramem-sv.org.br\/sintramem\/fique-socio\/\",\"url\":\"https:\/\/sintramem-sv.org.br\/sintramem\/fique-socio\/\",\"name\":\"Fique s\u00f3cio! - SINTRAMEM\",\"isPartOf\":{\"@id\":\"https:\/\/sintramem-sv.org.br\/sintramem\/#website\"},\"primaryImageOfPage\":{\"@id\":\"https:\/\/sintramem-sv.org.br\/sintramem\/fique-socio\/#primaryimage\"},\"image\":{\"@id\":\"https:\/\/sintramem-sv.org.br\/sintramem\/fique-socio\/#primaryimage\"},\"thumbnailUrl\":\"https:\/\/sintramem-sv.org.br\/sintramem\/wp-content\/uploads\/2026\/02\/Destacada-Fique-socio-Sintramem.png\",\"datePublished\":\"2016-05-09T19:39:18+00:00\",\"dateModified\":\"2026-02-27T18:43:11+00:00\",\"breadcrumb\":{\"@id\":\"https:\/\/sintramem-sv.org.br\/sintramem\/fique-socio\/#breadcrumb\"},\"inLanguage\":\"pt-BR\",\"potentialAction\":[{\"@type\":\"ReadAction\",\"target\":[\"https:\/\/sintramem-sv.org.br\/sintramem\/fique-socio\/\"]}]},{\"@type\":\"ImageObject\",\"inLanguage\":\"pt-BR\",\"@id\":\"https:\/\/sintramem-sv.org.br\/sintramem\/fique-socio\/#primaryimage\",\"url\":\"https:\/\/sintramem-sv.org.br\/sintramem\/wp-content\/uploads\/2026\/02\/Destacada-Fique-socio-Sintramem.png\",\"contentUrl\":\"https:\/\/sintramem-sv.org.br\/sintramem\/wp-content\/uploads\/2026\/02\/Destacada-Fique-socio-Sintramem.png\",\"width\":1294,\"height\":720},{\"@type\":\"BreadcrumbList\",\"@id\":\"https:\/\/sintramem-sv.org.br\/sintramem\/fique-socio\/#breadcrumb\",\"itemListElement\":[{\"@type\":\"ListItem\",\"position\":1,\"name\":\"In\u00edcio\",\"item\":\"https:\/\/sintramem-sv.org.br\/sintramem\/\"},{\"@type\":\"ListItem\",\"position\":2,\"name\":\"Fique s\u00f3cio!\"}]},{\"@type\":\"WebSite\",\"@id\":\"https:\/\/sintramem-sv.org.br\/sintramem\/#website\",\"url\":\"https:\/\/sintramem-sv.org.br\/sintramem\/\",\"name\":\"SINTRAMEM\",\"description\":\"Sindicato dos Trabalhadores no Magist\u00e9rio e na Educa\u00e7\u00e3o de S\u00e3o Vicente\",\"publisher\":{\"@id\":\"https:\/\/sintramem-sv.org.br\/sintramem\/#organization\"},\"potentialAction\":[{\"@type\":\"SearchAction\",\"target\":{\"@type\":\"EntryPoint\",\"urlTemplate\":\"https:\/\/sintramem-sv.org.br\/sintramem\/?s={search_term_string}\"},\"query-input\":{\"@type\":\"PropertyValueSpecification\",\"valueRequired\":true,\"valueName\":\"search_term_string\"}}],\"inLanguage\":\"pt-BR\"},{\"@type\":\"Organization\",\"@id\":\"https:\/\/sintramem-sv.org.br\/sintramem\/#organization\",\"name\":\"SINTRAMEM\",\"url\":\"https:\/\/sintramem-sv.org.br\/sintramem\/\",\"logo\":{\"@type\":\"ImageObject\",\"inLanguage\":\"pt-BR\",\"@id\":\"https:\/\/sintramem-sv.org.br\/sintramem\/#\/schema\/logo\/image\/\",\"url\":\"https:\/\/sintramem-sv.org.br\/sintramem\/wp-content\/uploads\/2017\/02\/SINTRAMEM-LOGO-OFICIAL-300x100-jpg.jpg\",\"contentUrl\":\"https:\/\/sintramem-sv.org.br\/sintramem\/wp-content\/uploads\/2017\/02\/SINTRAMEM-LOGO-OFICIAL-300x100-jpg.jpg\",\"width\":150,\"height\":150,\"caption\":\"SINTRAMEM\"},\"image\":{\"@id\":\"https:\/\/sintramem-sv.org.br\/sintramem\/#\/schema\/logo\/image\/\"}}]}<\/script>\n<!-- \/ Yoast SEO plugin. -->","yoast_head_json":{"title":"Fique s\u00f3cio! - SINTRAMEM","robots":{"index":"index","follow":"follow","max-snippet":"max-snippet:-1","max-image-preview":"max-image-preview:large","max-video-preview":"max-video-preview:-1"},"canonical":"https:\/\/sintramem-sv.org.br\/sintramem\/fique-socio\/","og_locale":"pt_BR","og_type":"article","og_title":"Fique s\u00f3cio! - SINTRAMEM","og_description":"N\u00c3O FIQUE S\u00d3, FIQUE S\u00d3CIO! Sindicalize-se e fortale\u00e7a seu Sindicato na luta O SINTRAMEM representa milhares de Servidores da Educa\u00e7\u00e3o espalhados em centenas de postos de trabalho em toda cidade de S\u00e3o Vicente. Somos reconhecidos pelo funcionalismo, imprensa e popula\u00e7\u00e3o em geral pela forte atua\u00e7\u00e3o em defesa dos interesses da categoria. Temos a presen\u00e7a permanente&hellip;","og_url":"https:\/\/sintramem-sv.org.br\/sintramem\/fique-socio\/","og_site_name":"SINTRAMEM","article_modified_time":"2026-02-27T18:43:11+00:00","og_image":[{"width":600,"height":334,"url":"https:\/\/sintramem-sv.org.br\/sintramem\/wp-content\/uploads\/2026\/02\/menor-5.png","type":"image\/png"}],"twitter_card":"summary_large_image","twitter_misc":{"Est. tempo de leitura":"2 minutos"},"schema":{"@context":"https:\/\/schema.org","@graph":[{"@type":"WebPage","@id":"https:\/\/sintramem-sv.org.br\/sintramem\/fique-socio\/","url":"https:\/\/sintramem-sv.org.br\/sintramem\/fique-socio\/","name":"Fique s\u00f3cio! - SINTRAMEM","isPartOf":{"@id":"https:\/\/sintramem-sv.org.br\/sintramem\/#website"},"primaryImageOfPage":{"@id":"https:\/\/sintramem-sv.org.br\/sintramem\/fique-socio\/#primaryimage"},"image":{"@id":"https:\/\/sintramem-sv.org.br\/sintramem\/fique-socio\/#primaryimage"},"thumbnailUrl":"https:\/\/sintramem-sv.org.br\/sintramem\/wp-content\/uploads\/2026\/02\/Destacada-Fique-socio-Sintramem.png","datePublished":"2016-05-09T19:39:18+00:00","dateModified":"2026-02-27T18:43:11+00:00","breadcrumb":{"@id":"https:\/\/sintramem-sv.org.br\/sintramem\/fique-socio\/#breadcrumb"},"inLanguage":"pt-BR","potentialAction":[{"@type":"ReadAction","target":["https:\/\/sintramem-sv.org.br\/sintramem\/fique-socio\/"]}]},{"@type":"ImageObject","inLanguage":"pt-BR","@id":"https:\/\/sintramem-sv.org.br\/sintramem\/fique-socio\/#primaryimage","url":"https:\/\/sintramem-sv.org.br\/sintramem\/wp-content\/uploads\/2026\/02\/Destacada-Fique-socio-Sintramem.png","contentUrl":"https:\/\/sintramem-sv.org.br\/sintramem\/wp-content\/uploads\/2026\/02\/Destacada-Fique-socio-Sintramem.png","width":1294,"height":720},{"@type":"BreadcrumbList","@id":"https:\/\/sintramem-sv.org.br\/sintramem\/fique-socio\/#breadcrumb","itemListElement":[{"@type":"ListItem","position":1,"name":"In\u00edcio","item":"https:\/\/sintramem-sv.org.br\/sintramem\/"},{"@type":"ListItem","position":2,"name":"Fique s\u00f3cio!"}]},{"@type":"WebSite","@id":"https:\/\/sintramem-sv.org.br\/sintramem\/#website","url":"https:\/\/sintramem-sv.org.br\/sintramem\/","name":"SINTRAMEM","description":"Sindicato dos Trabalhadores no Magist\u00e9rio e na Educa\u00e7\u00e3o de S\u00e3o Vicente","publisher":{"@id":"https:\/\/sintramem-sv.org.br\/sintramem\/#organization"},"potentialAction":[{"@type":"SearchAction","target":{"@type":"EntryPoint","urlTemplate":"https:\/\/sintramem-sv.org.br\/sintramem\/?s={search_term_string}"},"query-input":{"@type":"PropertyValueSpecification","valueRequired":true,"valueName":"search_term_string"}}],"inLanguage":"pt-BR"},{"@type":"Organization","@id":"https:\/\/sintramem-sv.org.br\/sintramem\/#organization","name":"SINTRAMEM","url":"https:\/\/sintramem-sv.org.br\/sintramem\/","logo":{"@type":"ImageObject","inLanguage":"pt-BR","@id":"https:\/\/sintramem-sv.org.br\/sintramem\/#\/schema\/logo\/image\/","url":"https:\/\/sintramem-sv.org.br\/sintramem\/wp-content\/uploads\/2017\/02\/SINTRAMEM-LOGO-OFICIAL-300x100-jpg.jpg","contentUrl":"https:\/\/sintramem-sv.org.br\/sintramem\/wp-content\/uploads\/2017\/02\/SINTRAMEM-LOGO-OFICIAL-300x100-jpg.jpg","width":150,"height":150,"caption":"SINTRAMEM"},"image":{"@id":"https:\/\/sintramem-sv.org.br\/sintramem\/#\/schema\/logo\/image\/"}}]}},"_links":{"self":[{"href":"https:\/\/sintramem-sv.org.br\/sintramem\/wp-json\/wp\/v2\/pages\/54","targetHints":{"allow":["GET"]}}],"collection":[{"href":"https:\/\/sintramem-sv.org.br\/sintramem\/wp-json\/wp\/v2\/pages"}],"about":[{"href":"https:\/\/sintramem-sv.org.br\/sintramem\/wp-json\/wp\/v2\/types\/page"}],"author":[{"embeddable":true,"href":"https:\/\/sintramem-sv.org.br\/sintramem\/wp-json\/wp\/v2\/users\/1"}],"replies":[{"embeddable":true,"href":"https:\/\/sintramem-sv.org.br\/sintramem\/wp-json\/wp\/v2\/comments?post=54"}],"version-history":[{"count":24,"href":"https:\/\/sintramem-sv.org.br\/sintramem\/wp-json\/wp\/v2\/pages\/54\/revisions"}],"predecessor-version":[{"id":9562,"href":"https:\/\/sintramem-sv.org.br\/sintramem\/wp-json\/wp\/v2\/pages\/54\/revisions\/9562"}],"wp:featuredmedia":[{"embeddable":true,"href":"https:\/\/sintramem-sv.org.br\/sintramem\/wp-json\/wp\/v2\/media\/9536"}],"wp:attachment":[{"href":"https:\/\/sintramem-sv.org.br\/sintramem\/wp-json\/wp\/v2\/media?parent=54"}],"curies":[{"name":"wp","href":"https:\/\/api.w.org\/{rel}","templated":true}]}}

Fique sócio!

<p><span style="font-size: 18pt; color: #ff0000;"><strong>NÃO FIQUE SÓ, FIQUE SÓCIO! Sindicalize-se e fortaleça seu Sindicato na luta</strong></span></p>
<p><span style="font-size: 14pt;">O SINTRAMEM representa milhares de Servidores da Educação espalhados em centenas de postos de trabalho em toda cidade de São Vicente. Somos reconhecidos pelo funcionalismo, imprensa e população em geral pela forte atuação em defesa dos interesses da categoria. Temos a presença permanente dos dirigentes na base para auxiliar o trabalhador em dúvidas e causas mais complexas.</span></p>
<p><span style="font-size: 14pt;">Para manter nossa estrutura, contamos exclusivamente com o apoio dos associados. Por isso, intensificamos a campanha <strong>&#8220;Ninguém deve FICAR SÓ. É preciso FICAR SÓCIO&#8221;</strong>. Nos ajude a seguirmos fortes na luta e ainda ter uma gama de benefícios exclusivos!</span></p>
<p><span style="font-size: 14pt;">Quanto mais sócios, mais fortes e respeitados seremos. Dessa forma, será possível mantermos e ampliarmos o bem-estar do trabalhador e as vantagens dos associados. Um Sindicato ainda mais operante, permanentemente presente e organizando campanhas para garantir e ampliar os direitos de todos. Como sindicalizado, você vai desfrutar de diversos descontos e benefícios, alguns deles gratuitos.</span></p>
<p><span style="font-size: 18pt; color: #ff0000;"><strong>JUNTE-SE A NÓS! FORTALEÇA ESSA LUTA!</strong></span></p>
<p><iframe loading="lazy" src="https://docs.google.com/forms/d/e/1FAIpQLSdP0uXkICRpdtuvfD77HBWcqbdBaazKvHTMvktn1XKcFZ03_A/viewform?embedded=true" width="640" height="6215" frameborder="0" marginwidth="0" marginheight="0">Carregando…</iframe></p>

<p>NÃO FIQUE SÓ, FIQUE SÓCIO! Sindicalize-se e fortaleça seu Sindicato na luta O SINTRAMEM representa milhares de Servidores da Educação espalhados em centenas de postos de trabalho em toda cidade de São Vicente. Somos reconhecidos pelo funcionalismo, imprensa e população em geral pela forte atuação em defesa dos interesses da categoria. Temos a presença permanente&hellip;</p>

<!-- This site is optimized with the Yoast SEO plugin v27.0 - https://yoast.com/product/yoast-seo-wordpress/ -->
<title>Fique sócio! - SINTRAMEM</title>
<meta name="robots" content="index, follow, max-snippet:-1, max-image-preview:large, max-video-preview:-1" />
<link rel="canonical" href="https://sintramem-sv.org.br/sintramem/fique-socio/" />
<meta property="og:locale" content="pt_BR" />
<meta property="og:type" content="article" />
<meta property="og:title" content="Fique sócio! - SINTRAMEM" />
<meta property="og:description" content="NÃO FIQUE SÓ, FIQUE SÓCIO! Sindicalize-se e fortaleça seu Sindicato na luta O SINTRAMEM representa milhares de Servidores da Educação espalhados em centenas de postos de trabalho em toda cidade de São Vicente. Somos reconhecidos pelo funcionalismo, imprensa e população em geral pela forte atuação em defesa dos interesses da categoria. Temos a presença permanente&hellip;" />
<meta property="og:url" content="https://sintramem-sv.org.br/sintramem/fique-socio/" />
<meta property="og:site_name" content="SINTRAMEM" />
<meta property="article:modified_time" content="2026-02-27T18:43:11+00:00" />
<meta property="og:image" content="https://sintramem-sv.org.br/sintramem/wp-content/uploads/2026/02/menor-5.png" />
	<meta property="og:image:width" content="600" />
	<meta property="og:image:height" content="334" />
	<meta property="og:image:type" content="image/png" />
<meta name="twitter:card" content="summary_large_image" />
<meta name="twitter:label1" content="Est. tempo de leitura" />
	<meta name="twitter:data1" content="2 minutos" />
<script type="application/ld+json" class="yoast-schema-graph">{"@context":"https://schema.org","@graph":[{"@type":"WebPage","@id":"https://sintramem-sv.org.br/sintramem/fique-socio/","url":"https://sintramem-sv.org.br/sintramem/fique-socio/","name":"Fique sócio! - SINTRAMEM","isPartOf":{"@id":"https://sintramem-sv.org.br/sintramem/#website"},"primaryImageOfPage":{"@id":"https://sintramem-sv.org.br/sintramem/fique-socio/#primaryimage"},"image":{"@id":"https://sintramem-sv.org.br/sintramem/fique-socio/#primaryimage"},"thumbnailUrl":"https://sintramem-sv.org.br/sintramem/wp-content/uploads/2026/02/Destacada-Fique-socio-Sintramem.png","datePublished":"2016-05-09T19:39:18+00:00","dateModified":"2026-02-27T18:43:11+00:00","breadcrumb":{"@id":"https://sintramem-sv.org.br/sintramem/fique-socio/#breadcrumb"},"inLanguage":"pt-BR","potentialAction":[{"@type":"ReadAction","target":["https://sintramem-sv.org.br/sintramem/fique-socio/"]}]},{"@type":"ImageObject","inLanguage":"pt-BR","@id":"https://sintramem-sv.org.br/sintramem/fique-socio/#primaryimage","url":"https://sintramem-sv.org.br/sintramem/wp-content/uploads/2026/02/Destacada-Fique-socio-Sintramem.png","contentUrl":"https://sintramem-sv.org.br/sintramem/wp-content/uploads/2026/02/Destacada-Fique-socio-Sintramem.png","width":1294,"height":720},{"@type":"BreadcrumbList","@id":"https://sintramem-sv.org.br/sintramem/fique-socio/#breadcrumb","itemListElement":[{"@type":"ListItem","position":1,"name":"Início","item":"https://sintramem-sv.org.br/sintramem/"},{"@type":"ListItem","position":2,"name":"Fique sócio!"}]},{"@type":"WebSite","@id":"https://sintramem-sv.org.br/sintramem/#website","url":"https://sintramem-sv.org.br/sintramem/","name":"SINTRAMEM","description":"Sindicato dos Trabalhadores no Magistério e na Educação de São Vicente","publisher":{"@id":"https://sintramem-sv.org.br/sintramem/#organization"},"potentialAction":[{"@type":"SearchAction","target":{"@type":"EntryPoint","urlTemplate":"https://sintramem-sv.org.br/sintramem/?s={search_term_string}"},"query-input":{"@type":"PropertyValueSpecification","valueRequired":true,"valueName":"search_term_string"}}],"inLanguage":"pt-BR"},{"@type":"Organization","@id":"https://sintramem-sv.org.br/sintramem/#organization","name":"SINTRAMEM","url":"https://sintramem-sv.org.br/sintramem/","logo":{"@type":"ImageObject","inLanguage":"pt-BR","@id":"https://sintramem-sv.org.br/sintramem/#/schema/logo/image/","url":"https://sintramem-sv.org.br/sintramem/wp-content/uploads/2017/02/SINTRAMEM-LOGO-OFICIAL-300x100-jpg.jpg","contentUrl":"https://sintramem-sv.org.br/sintramem/wp-content/uploads/2017/02/SINTRAMEM-LOGO-OFICIAL-300x100-jpg.jpg","width":150,"height":150,"caption":"SINTRAMEM"},"image":{"@id":"https://sintramem-sv.org.br/sintramem/#/schema/logo/image/"}}]}</script>
<!-- / Yoast SEO plugin. -->

Fique sócio! - SINTRAMEM

NÃO FIQUE SÓ, FIQUE SÓCIO! Sindicalize-se e fortaleça seu Sindicato na luta O SINTRAMEM representa milhares de Servidores da Educação espalhados em centenas de postos de trabalho em toda cidade de São Vicente. Somos reconhecidos pelo funcionalismo, imprensa e população em geral pela forte atuação em defesa dos interesses da categoria. Temos a presença permanente&hellip;

Início

Sindicato dos Trabalhadores no Magistério e na Educação de São Vicente
