{"id":4286,"date":"2019-10-31T19:54:24","date_gmt":"2019-10-31T19:54:24","guid":{"rendered":"http:\/\/sintramem-sv.org.br\/sintramem\/?page_id=4286"},"modified":"2021-09-03T15:47:20","modified_gmt":"2021-09-03T15:47:20","slug":"regimento-comum-das-unidades-de-ensino-municipais","status":"publish","type":"page","link":"https:\/\/sintramem-sv.org.br\/sintramem\/regimento-comum-das-unidades-de-ensino-municipais\/","title":{"rendered":"Regimento de Ensino Municipal de S\u00e3o Vicente"},"content":{"rendered":"\n<p><a rel=\"noreferrer noopener\" aria-label=\"REGIMENTO COMUM DAS UNIDADES DE ENSINO MUNICIPAIS DE S\u00c3O VICENTE  - 2019 (abre numa nova aba)\" href=\"https:\/\/sintramem-sv.org.br\/sintramem\/wp-content\/uploads\/2019\/10\/REGIMENTO-COMUM-2019.pdf\" target=\"_blank\">REGIMENTO COMUM DAS UNIDADES DE ENSINO MUNICIPAIS DE S\u00c3O VICENTE <\/a><\/p>\n","protected":false},"excerpt":{"rendered":"<p>REGIMENTO COMUM DAS UNIDADES DE ENSINO MUNICIPAIS DE S\u00c3O VICENTE<\/p>\n","protected":false},"author":1,"featured_media":0,"parent":0,"menu_order":0,"comment_status":"closed","ping_status":"closed","template":"","meta":{"_monsterinsights_skip_tracking":false,"_monsterinsights_sitenote_active":false,"_monsterinsights_sitenote_note":"","_monsterinsights_sitenote_category":0,"footnotes":""},"class_list":["post-4286","page","type-page","status-publish","hentry"],"yoast_head":"<!-- This site is optimized with the Yoast SEO plugin v27.0 - https:\/\/yoast.com\/product\/yoast-seo-wordpress\/ -->\n<title>Regimento de Ensino Municipal de S\u00e3o Vicente - SINTRAMEM<\/title>\n<meta name=\"robots\" content=\"index, follow, max-snippet:-1, max-image-preview:large, max-video-preview:-1\" \/>\n<link rel=\"canonical\" href=\"https:\/\/sintramem-sv.org.br\/sintramem\/regimento-comum-das-unidades-de-ensino-municipais\/\" \/>\n<meta property=\"og:locale\" content=\"pt_BR\" \/>\n<meta property=\"og:type\" content=\"article\" \/>\n<meta property=\"og:title\" content=\"Regimento de Ensino Municipal de S\u00e3o Vicente - SINTRAMEM\" \/>\n<meta property=\"og:description\" content=\"REGIMENTO COMUM DAS UNIDADES DE ENSINO MUNICIPAIS DE S\u00c3O VICENTE\" \/>\n<meta property=\"og:url\" content=\"https:\/\/sintramem-sv.org.br\/sintramem\/regimento-comum-das-unidades-de-ensino-municipais\/\" \/>\n<meta property=\"og:site_name\" content=\"SINTRAMEM\" \/>\n<meta property=\"article:modified_time\" content=\"2021-09-03T15:47:20+00:00\" \/>\n<meta name=\"twitter:card\" content=\"summary_large_image\" \/>\n<script type=\"application\/ld+json\" class=\"yoast-schema-graph\">{\"@context\":\"https:\/\/schema.org\",\"@graph\":[{\"@type\":\"WebPage\",\"@id\":\"https:\/\/sintramem-sv.org.br\/sintramem\/regimento-comum-das-unidades-de-ensino-municipais\/\",\"url\":\"https:\/\/sintramem-sv.org.br\/sintramem\/regimento-comum-das-unidades-de-ensino-municipais\/\",\"name\":\"Regimento de Ensino Municipal de S\u00e3o Vicente - SINTRAMEM\",\"isPartOf\":{\"@id\":\"https:\/\/sintramem-sv.org.br\/sintramem\/#website\"},\"datePublished\":\"2019-10-31T19:54:24+00:00\",\"dateModified\":\"2021-09-03T15:47:20+00:00\",\"breadcrumb\":{\"@id\":\"https:\/\/sintramem-sv.org.br\/sintramem\/regimento-comum-das-unidades-de-ensino-municipais\/#breadcrumb\"},\"inLanguage\":\"pt-BR\",\"potentialAction\":[{\"@type\":\"ReadAction\",\"target\":[\"https:\/\/sintramem-sv.org.br\/sintramem\/regimento-comum-das-unidades-de-ensino-municipais\/\"]}]},{\"@type\":\"BreadcrumbList\",\"@id\":\"https:\/\/sintramem-sv.org.br\/sintramem\/regimento-comum-das-unidades-de-ensino-municipais\/#breadcrumb\",\"itemListElement\":[{\"@type\":\"ListItem\",\"position\":1,\"name\":\"In\u00edcio\",\"item\":\"https:\/\/sintramem-sv.org.br\/sintramem\/\"},{\"@type\":\"ListItem\",\"position\":2,\"name\":\"Regimento de Ensino Municipal de S\u00e3o Vicente\"}]},{\"@type\":\"WebSite\",\"@id\":\"https:\/\/sintramem-sv.org.br\/sintramem\/#website\",\"url\":\"https:\/\/sintramem-sv.org.br\/sintramem\/\",\"name\":\"SINTRAMEM\",\"description\":\"Sindicato dos Trabalhadores no Magist\u00e9rio e na Educa\u00e7\u00e3o de S\u00e3o Vicente\",\"publisher\":{\"@id\":\"https:\/\/sintramem-sv.org.br\/sintramem\/#organization\"},\"potentialAction\":[{\"@type\":\"SearchAction\",\"target\":{\"@type\":\"EntryPoint\",\"urlTemplate\":\"https:\/\/sintramem-sv.org.br\/sintramem\/?s={search_term_string}\"},\"query-input\":{\"@type\":\"PropertyValueSpecification\",\"valueRequired\":true,\"valueName\":\"search_term_string\"}}],\"inLanguage\":\"pt-BR\"},{\"@type\":\"Organization\",\"@id\":\"https:\/\/sintramem-sv.org.br\/sintramem\/#organization\",\"name\":\"SINTRAMEM\",\"url\":\"https:\/\/sintramem-sv.org.br\/sintramem\/\",\"logo\":{\"@type\":\"ImageObject\",\"inLanguage\":\"pt-BR\",\"@id\":\"https:\/\/sintramem-sv.org.br\/sintramem\/#\/schema\/logo\/image\/\",\"url\":\"https:\/\/sintramem-sv.org.br\/sintramem\/wp-content\/uploads\/2017\/02\/SINTRAMEM-LOGO-OFICIAL-300x100-jpg.jpg\",\"contentUrl\":\"https:\/\/sintramem-sv.org.br\/sintramem\/wp-content\/uploads\/2017\/02\/SINTRAMEM-LOGO-OFICIAL-300x100-jpg.jpg\",\"width\":150,\"height\":150,\"caption\":\"SINTRAMEM\"},\"image\":{\"@id\":\"https:\/\/sintramem-sv.org.br\/sintramem\/#\/schema\/logo\/image\/\"}}]}<\/script>\n<!-- \/ Yoast SEO plugin. -->","yoast_head_json":{"title":"Regimento de Ensino Municipal de S\u00e3o Vicente - SINTRAMEM","robots":{"index":"index","follow":"follow","max-snippet":"max-snippet:-1","max-image-preview":"max-image-preview:large","max-video-preview":"max-video-preview:-1"},"canonical":"https:\/\/sintramem-sv.org.br\/sintramem\/regimento-comum-das-unidades-de-ensino-municipais\/","og_locale":"pt_BR","og_type":"article","og_title":"Regimento de Ensino Municipal de S\u00e3o Vicente - SINTRAMEM","og_description":"REGIMENTO COMUM DAS UNIDADES DE ENSINO MUNICIPAIS DE S\u00c3O VICENTE","og_url":"https:\/\/sintramem-sv.org.br\/sintramem\/regimento-comum-das-unidades-de-ensino-municipais\/","og_site_name":"SINTRAMEM","article_modified_time":"2021-09-03T15:47:20+00:00","twitter_card":"summary_large_image","schema":{"@context":"https:\/\/schema.org","@graph":[{"@type":"WebPage","@id":"https:\/\/sintramem-sv.org.br\/sintramem\/regimento-comum-das-unidades-de-ensino-municipais\/","url":"https:\/\/sintramem-sv.org.br\/sintramem\/regimento-comum-das-unidades-de-ensino-municipais\/","name":"Regimento de Ensino Municipal de S\u00e3o Vicente - SINTRAMEM","isPartOf":{"@id":"https:\/\/sintramem-sv.org.br\/sintramem\/#website"},"datePublished":"2019-10-31T19:54:24+00:00","dateModified":"2021-09-03T15:47:20+00:00","breadcrumb":{"@id":"https:\/\/sintramem-sv.org.br\/sintramem\/regimento-comum-das-unidades-de-ensino-municipais\/#breadcrumb"},"inLanguage":"pt-BR","potentialAction":[{"@type":"ReadAction","target":["https:\/\/sintramem-sv.org.br\/sintramem\/regimento-comum-das-unidades-de-ensino-municipais\/"]}]},{"@type":"BreadcrumbList","@id":"https:\/\/sintramem-sv.org.br\/sintramem\/regimento-comum-das-unidades-de-ensino-municipais\/#breadcrumb","itemListElement":[{"@type":"ListItem","position":1,"name":"In\u00edcio","item":"https:\/\/sintramem-sv.org.br\/sintramem\/"},{"@type":"ListItem","position":2,"name":"Regimento de Ensino Municipal de S\u00e3o Vicente"}]},{"@type":"WebSite","@id":"https:\/\/sintramem-sv.org.br\/sintramem\/#website","url":"https:\/\/sintramem-sv.org.br\/sintramem\/","name":"SINTRAMEM","description":"Sindicato dos Trabalhadores no Magist\u00e9rio e na Educa\u00e7\u00e3o de S\u00e3o Vicente","publisher":{"@id":"https:\/\/sintramem-sv.org.br\/sintramem\/#organization"},"potentialAction":[{"@type":"SearchAction","target":{"@type":"EntryPoint","urlTemplate":"https:\/\/sintramem-sv.org.br\/sintramem\/?s={search_term_string}"},"query-input":{"@type":"PropertyValueSpecification","valueRequired":true,"valueName":"search_term_string"}}],"inLanguage":"pt-BR"},{"@type":"Organization","@id":"https:\/\/sintramem-sv.org.br\/sintramem\/#organization","name":"SINTRAMEM","url":"https:\/\/sintramem-sv.org.br\/sintramem\/","logo":{"@type":"ImageObject","inLanguage":"pt-BR","@id":"https:\/\/sintramem-sv.org.br\/sintramem\/#\/schema\/logo\/image\/","url":"https:\/\/sintramem-sv.org.br\/sintramem\/wp-content\/uploads\/2017\/02\/SINTRAMEM-LOGO-OFICIAL-300x100-jpg.jpg","contentUrl":"https:\/\/sintramem-sv.org.br\/sintramem\/wp-content\/uploads\/2017\/02\/SINTRAMEM-LOGO-OFICIAL-300x100-jpg.jpg","width":150,"height":150,"caption":"SINTRAMEM"},"image":{"@id":"https:\/\/sintramem-sv.org.br\/sintramem\/#\/schema\/logo\/image\/"}}]}},"_links":{"self":[{"href":"https:\/\/sintramem-sv.org.br\/sintramem\/wp-json\/wp\/v2\/pages\/4286","targetHints":{"allow":["GET"]}}],"collection":[{"href":"https:\/\/sintramem-sv.org.br\/sintramem\/wp-json\/wp\/v2\/pages"}],"about":[{"href":"https:\/\/sintramem-sv.org.br\/sintramem\/wp-json\/wp\/v2\/types\/page"}],"author":[{"embeddable":true,"href":"https:\/\/sintramem-sv.org.br\/sintramem\/wp-json\/wp\/v2\/users\/1"}],"replies":[{"embeddable":true,"href":"https:\/\/sintramem-sv.org.br\/sintramem\/wp-json\/wp\/v2\/comments?post=4286"}],"version-history":[{"count":6,"href":"https:\/\/sintramem-sv.org.br\/sintramem\/wp-json\/wp\/v2\/pages\/4286\/revisions"}],"predecessor-version":[{"id":5480,"href":"https:\/\/sintramem-sv.org.br\/sintramem\/wp-json\/wp\/v2\/pages\/4286\/revisions\/5480"}],"wp:attachment":[{"href":"https:\/\/sintramem-sv.org.br\/sintramem\/wp-json\/wp\/v2\/media?parent=4286"}],"curies":[{"name":"wp","href":"https:\/\/api.w.org\/{rel}","templated":true}]}}

Regimento de Ensino Municipal de São Vicente

<p><a rel="noreferrer noopener" aria-label="REGIMENTO COMUM DAS UNIDADES DE ENSINO MUNICIPAIS DE SÃO VICENTE  - 2019 (abre numa nova aba)" href="https://sintramem-sv.org.br/sintramem/wp-content/uploads/2019/10/REGIMENTO-COMUM-2019.pdf" target="_blank">REGIMENTO COMUM DAS UNIDADES DE ENSINO MUNICIPAIS DE SÃO VICENTE </a></p>

<p>REGIMENTO COMUM DAS UNIDADES DE ENSINO MUNICIPAIS DE SÃO VICENTE</p>

<!-- This site is optimized with the Yoast SEO plugin v27.0 - https://yoast.com/product/yoast-seo-wordpress/ -->
<title>Regimento de Ensino Municipal de São Vicente - SINTRAMEM</title>
<meta name="robots" content="index, follow, max-snippet:-1, max-image-preview:large, max-video-preview:-1" />
<link rel="canonical" href="https://sintramem-sv.org.br/sintramem/regimento-comum-das-unidades-de-ensino-municipais/" />
<meta property="og:locale" content="pt_BR" />
<meta property="og:type" content="article" />
<meta property="og:title" content="Regimento de Ensino Municipal de São Vicente - SINTRAMEM" />
<meta property="og:description" content="REGIMENTO COMUM DAS UNIDADES DE ENSINO MUNICIPAIS DE SÃO VICENTE" />
<meta property="og:url" content="https://sintramem-sv.org.br/sintramem/regimento-comum-das-unidades-de-ensino-municipais/" />
<meta property="og:site_name" content="SINTRAMEM" />
<meta property="article:modified_time" content="2021-09-03T15:47:20+00:00" />
<meta name="twitter:card" content="summary_large_image" />
<script type="application/ld+json" class="yoast-schema-graph">{"@context":"https://schema.org","@graph":[{"@type":"WebPage","@id":"https://sintramem-sv.org.br/sintramem/regimento-comum-das-unidades-de-ensino-municipais/","url":"https://sintramem-sv.org.br/sintramem/regimento-comum-das-unidades-de-ensino-municipais/","name":"Regimento de Ensino Municipal de São Vicente - SINTRAMEM","isPartOf":{"@id":"https://sintramem-sv.org.br/sintramem/#website"},"datePublished":"2019-10-31T19:54:24+00:00","dateModified":"2021-09-03T15:47:20+00:00","breadcrumb":{"@id":"https://sintramem-sv.org.br/sintramem/regimento-comum-das-unidades-de-ensino-municipais/#breadcrumb"},"inLanguage":"pt-BR","potentialAction":[{"@type":"ReadAction","target":["https://sintramem-sv.org.br/sintramem/regimento-comum-das-unidades-de-ensino-municipais/"]}]},{"@type":"BreadcrumbList","@id":"https://sintramem-sv.org.br/sintramem/regimento-comum-das-unidades-de-ensino-municipais/#breadcrumb","itemListElement":[{"@type":"ListItem","position":1,"name":"Início","item":"https://sintramem-sv.org.br/sintramem/"},{"@type":"ListItem","position":2,"name":"Regimento de Ensino Municipal de São Vicente"}]},{"@type":"WebSite","@id":"https://sintramem-sv.org.br/sintramem/#website","url":"https://sintramem-sv.org.br/sintramem/","name":"SINTRAMEM","description":"Sindicato dos Trabalhadores no Magistério e na Educação de São Vicente","publisher":{"@id":"https://sintramem-sv.org.br/sintramem/#organization"},"potentialAction":[{"@type":"SearchAction","target":{"@type":"EntryPoint","urlTemplate":"https://sintramem-sv.org.br/sintramem/?s={search_term_string}"},"query-input":{"@type":"PropertyValueSpecification","valueRequired":true,"valueName":"search_term_string"}}],"inLanguage":"pt-BR"},{"@type":"Organization","@id":"https://sintramem-sv.org.br/sintramem/#organization","name":"SINTRAMEM","url":"https://sintramem-sv.org.br/sintramem/","logo":{"@type":"ImageObject","inLanguage":"pt-BR","@id":"https://sintramem-sv.org.br/sintramem/#/schema/logo/image/","url":"https://sintramem-sv.org.br/sintramem/wp-content/uploads/2017/02/SINTRAMEM-LOGO-OFICIAL-300x100-jpg.jpg","contentUrl":"https://sintramem-sv.org.br/sintramem/wp-content/uploads/2017/02/SINTRAMEM-LOGO-OFICIAL-300x100-jpg.jpg","width":150,"height":150,"caption":"SINTRAMEM"},"image":{"@id":"https://sintramem-sv.org.br/sintramem/#/schema/logo/image/"}}]}</script>
<!-- / Yoast SEO plugin. -->

Regimento de Ensino Municipal de São Vicente - SINTRAMEM

REGIMENTO COMUM DAS UNIDADES DE ENSINO MUNICIPAIS DE SÃO VICENTE

Início

Sindicato dos Trabalhadores no Magistério e na Educação de São Vicente
